{"id":6,"date":"2015-10-05T13:03:26","date_gmt":"2015-10-05T13:03:26","guid":{"rendered":"http:\/\/www2.cremeb.org.br\/wordpress\/?page_id=6"},"modified":"2026-04-29T15:33:10","modified_gmt":"2026-04-29T18:33:10","slug":"diretoria","status":"publish","type":"page","link":"https:\/\/www.cremeb.org.br\/index.php\/institucional\/diretoria\/","title":{"rendered":"Diretoria"},"content":{"rendered":"<p>Apesar do artigo 41 do Decreto Lei 44.045\/1958 definir que a gest\u00e3o da diretoria tem dura\u00e7\u00e3o id\u00eantica a dos conselheiros, ou seja, 5 anos, desde 2001, com a aprova\u00e7\u00e3o do Regimento Interno, o CREMEB definiu que o mandato\u00a0da diretoria seria dividido entre duas gest\u00f5es, com prazo\u00a0de 2 anos e meio cada.<\/p>\n<p>Diferentemente dos conselheiros, que s\u00e3o escolhidos pelos m\u00e9dicos jurisdicionados,\u00a0as elei\u00e7\u00f5es da diretoria s\u00e3o fechadas aos conselheiros e decididas por voto secreto.\u00a0A diretoria representa o Conselho Regional diante dos poderes p\u00fablicos, convoca e d\u00e1 posse aos conselheiros, delegados, membros de c\u00e2maras t\u00e9cnicas, assessores e funcion\u00e1rios.<\/p>\n<p>&nbsp;<\/p>\n<p style=\"text-align: center;\"><b>2\u00ba Bi\u00eanio da 14\u00aa Gest\u00e3o: abril de 2026 a setembro de 2028<\/b><\/p>\n","protected":false},"excerpt":{"rendered":"<p>Apesar do artigo 41 do Decreto Lei 44.045\/1958 definir que a gest\u00e3o da diretoria tem dura\u00e7\u00e3o id\u00eantica a dos conselheiros, [&hellip;]<\/p>\n","protected":false},"author":2,"featured_media":0,"parent":12,"menu_order":2,"comment_status":"closed","ping_status":"closed","template":"diretoria.php","meta":{"_expiration-date-status":"","_expiration-date":0,"_expiration-date-type":"","_expiration-date-categories":[],"_expiration-date-options":[]},"acf":[],"_links":{"self":[{"href":"https:\/\/www.cremeb.org.br\/index.php\/wp-json\/wp\/v2\/pages\/6"}],"collection":[{"href":"https:\/\/www.cremeb.org.br\/index.php\/wp-json\/wp\/v2\/pages"}],"about":[{"href":"https:\/\/www.cremeb.org.br\/index.php\/wp-json\/wp\/v2\/types\/page"}],"author":[{"embeddable":true,"href":"https:\/\/www.cremeb.org.br\/index.php\/wp-json\/wp\/v2\/users\/2"}],"replies":[{"embeddable":true,"href":"https:\/\/www.cremeb.org.br\/index.php\/wp-json\/wp\/v2\/comments?post=6"}],"version-history":[{"count":70,"href":"https:\/\/www.cremeb.org.br\/index.php\/wp-json\/wp\/v2\/pages\/6\/revisions"}],"predecessor-version":[{"id":47253,"href":"https:\/\/www.cremeb.org.br\/index.php\/wp-json\/wp\/v2\/pages\/6\/revisions\/47253"}],"up":[{"embeddable":true,"href":"https:\/\/www.cremeb.org.br\/index.php\/wp-json\/wp\/v2\/pages\/12"}],"wp:attachment":[{"href":"https:\/\/www.cremeb.org.br\/index.php\/wp-json\/wp\/v2\/media?parent=6"}],"curies":[{"name":"wp","href":"https:\/\/api.w.org\/{rel}","templated":true}]}}

<p>Apesar do artigo 41 do Decreto Lei 44.045/1958 definir que a gestão da diretoria tem duração idêntica a dos conselheiros, ou seja, 5 anos, desde 2001, com a aprovação do Regimento Interno, o CREMEB definiu que o mandato da diretoria seria dividido entre duas gestões, com prazo de 2 anos e meio cada.</p>
<p>Diferentemente dos conselheiros, que são escolhidos pelos médicos jurisdicionados, as eleições da diretoria são fechadas aos conselheiros e decididas por voto secreto. A diretoria representa o Conselho Regional diante dos poderes públicos, convoca e dá posse aos conselheiros, delegados, membros de câmaras técnicas, assessores e funcionários.</p>
<p>&nbsp;</p>
<p style="text-align: center;"><b>2º Biênio da 14ª Gestão: abril de 2026 a setembro de 2028</b></p>

<p>Apesar do artigo 41 do Decreto Lei 44.045/1958 definir que a gestão da diretoria tem duração idêntica a dos conselheiros, [&hellip;]</p>
