{"id":43,"date":"2015-10-05T15:18:22","date_gmt":"2015-10-05T15:18:22","guid":{"rendered":"http:\/\/www2.cremeb.org.br\/wordpress\/?page_id=43"},"modified":"2025-12-02T10:59:30","modified_gmt":"2025-12-02T13:59:30","slug":"representacoes-regionais","status":"publish","type":"page","link":"https:\/\/www.cremeb.org.br\/index.php\/institucional\/representacoes-regionais\/","title":{"rendered":"Delegacias Regionais"},"content":{"rendered":"<p>Criadas pela Resolu\u00e7\u00e3o do CREMEB n\u00ba 172\/1985, as Delegacias Regionais do CREMEB s\u00e3o inst\u00e2ncias representativas da Autarquia Federal no interior da Bahia. Atualmente, s\u00e3o 09 Delegacias em todo o estado. As unidades desempenham um importante papel na descentraliza\u00e7\u00e3o das atividades do Conselho, permitindo que os m\u00e9dicos e o p\u00fablico em geral do interior disponham de um canal de comunica\u00e7\u00e3o mais direto e ligada \u00e0s peculiaridades locais.<\/p>\n<p>&nbsp;<\/p>\n<p>As Delegacias s\u00e3o supervisionadas pelo DEPIN (Departamento do Interior)<\/p>\n<p>D\u00favidas e esclarecimentos: (71) 3339-2800<\/p>\n","protected":false},"excerpt":{"rendered":"<p>Criadas pela Resolu\u00e7\u00e3o do CREMEB n\u00ba 172\/1985, as Delegacias Regionais do CREMEB s\u00e3o inst\u00e2ncias representativas da Autarquia Federal no interior [&hellip;]<\/p>\n","protected":false},"author":2,"featured_media":0,"parent":12,"menu_order":4,"comment_status":"closed","ping_status":"closed","template":"delegacias.php","meta":{"_expiration-date-status":"","_expiration-date":0,"_expiration-date-type":"","_expiration-date-categories":[],"_expiration-date-options":[]},"acf":[],"_links":{"self":[{"href":"https:\/\/www.cremeb.org.br\/index.php\/wp-json\/wp\/v2\/pages\/43"}],"collection":[{"href":"https:\/\/www.cremeb.org.br\/index.php\/wp-json\/wp\/v2\/pages"}],"about":[{"href":"https:\/\/www.cremeb.org.br\/index.php\/wp-json\/wp\/v2\/types\/page"}],"author":[{"embeddable":true,"href":"https:\/\/www.cremeb.org.br\/index.php\/wp-json\/wp\/v2\/users\/2"}],"replies":[{"embeddable":true,"href":"https:\/\/www.cremeb.org.br\/index.php\/wp-json\/wp\/v2\/comments?post=43"}],"version-history":[{"count":22,"href":"https:\/\/www.cremeb.org.br\/index.php\/wp-json\/wp\/v2\/pages\/43\/revisions"}],"predecessor-version":[{"id":46420,"href":"https:\/\/www.cremeb.org.br\/index.php\/wp-json\/wp\/v2\/pages\/43\/revisions\/46420"}],"up":[{"embeddable":true,"href":"https:\/\/www.cremeb.org.br\/index.php\/wp-json\/wp\/v2\/pages\/12"}],"wp:attachment":[{"href":"https:\/\/www.cremeb.org.br\/index.php\/wp-json\/wp\/v2\/media?parent=43"}],"curies":[{"name":"wp","href":"https:\/\/api.w.org\/{rel}","templated":true}]}}