{"id":30825,"date":"2020-10-15T20:55:11","date_gmt":"2020-10-15T20:55:11","guid":{"rendered":"http:\/\/www.cremeb.org.br\/?page_id=30825"},"modified":"2024-07-22T11:59:09","modified_gmt":"2024-07-22T14:59:09","slug":"consulta-etica","status":"publish","type":"page","link":"https:\/\/www.cremeb.org.br\/index.php\/consulta-etica\/","title":{"rendered":"Consulta \u00c9tica"},"content":{"rendered":"<p><strong>INSTRU\u00c7\u00d5ES:<\/strong><\/p>\n<ul>\n<li>Antes de preencher este formul\u00e1rio, fa\u00e7a pesquisa no link de <a href=\"https:\/\/portal.cfm.org.br\/buscar-normas-cfm-e-crm\" target=\"_blank\" rel=\"noopener\">Normas<\/a> procurando material sobre o assunto que pretende.<\/li>\n<li>Caso n\u00e3o encontre subs\u00eddios para o que pretende preencha o formul\u00e1rio abaixo.<\/li>\n<\/ul>\n<p>&nbsp;<\/p>\n<p><a href=\"https:\/\/sistemas.cfm.org.br\/normas\/visualizar\/resolucoes\/BR\/2014\/2070\"><strong>RESOLU\u00c7\u00c3O CFM N\u00ba 2.070\/2014<\/strong><\/a><br \/>\nEstabelece normas para emiss\u00e3o de Pareceres do Conselho Federal de Medicina.<\/p>\n<p>&nbsp;<\/p>\n<p>(&#8230;)<\/p>\n<p>&nbsp;<\/p>\n<p>Art. 2\u00ba As consultas solicitadas aos Conselhos Federal e Regionais de Medicina dever\u00e3o ser encaminhados \u00e0 Secretaria, para fins de protocolo, sendo posteriormente encaminhadas ao conselheiro respons\u00e1vel pelo Setor de Processo-Consulta para triagem.<\/p>\n<p>\u00a7 1\u00ba As consultas somente ser\u00e3o atendidas se estiverem justificadas, contendo, obrigatoriamente, o nome completo do consulente, n\u00famero do CRM, caso seja m\u00e9dico, CPF, caso a consulta seja atrav\u00e9s de correio eletr\u00f4nico, endere\u00e7o de correspond\u00eancia e a institui\u00e7\u00e3o a que pertence, se for o caso, assim como, quando necess\u00e1rio, c\u00f3pia da documenta\u00e7\u00e3o comprobat\u00f3ria do que se alega.<\/p>\n<p>\u00a7 2\u00ba As consultas que n\u00e3o preencherem os pr\u00e9-requisitos de admissibilidade ser\u00e3o arquivadas, devendo as informa\u00e7\u00f5es serem transmitidas aos consulentes.<\/p>\n<p>\u00a7 3\u00ba As consultas, ao final do seu tr\u00e2mite, dever\u00e3o ser respondidas formalmente aos consulentes.<\/p>\n<p>Art. 3\u00ba Os Conselhos de Medicina atender\u00e3o preferencialmente as solicita\u00e7\u00f5es de consultas oriundas dos poderes Executivo, Legislativo e Judici\u00e1rio, e de sociedades m\u00e9dicas, outras entidades, m\u00e9dicos e pessoas f\u00edsicas em geral.<\/p>\n<p>\u00a7 1\u00ba As consultas efetivadas pelos Conselhos Regionais ao Conselho Federal de Medicina, quando envolverem mat\u00e9ria jur\u00eddica, obrigatoriamente dever\u00e3o ser acompanhadas de pr\u00e9via manifesta\u00e7\u00e3o do Setor Jur\u00eddico daquele regional.<\/p>\n<p>\u00a7 2\u00ba Os Conselhos de Medicina somente responder\u00e3o questionamentos dentro de suas compet\u00eancias legais.<\/p>\n<p>\u00a7 3\u00ba As consultas ser\u00e3o obrigatoriamente respondidas em car\u00e1ter impessoal, de forma gen\u00e9rica e n\u00e3o individualizadas.<\/p>\n<p>\u00a7 4\u00ba N\u00e3o ser\u00e3o respondidas consultas contendo refer\u00eancia ou alus\u00e3o a questionamentos \u00e9ticos baseados em casos concretos.<\/p>\n<p>\u00a7 5\u00ba Na hip\u00f3tese do \u00a7 4\u00ba, o conselheiro respons\u00e1vel pelo Setor de Processo-Consulta, ao tomar ci\u00eancia da poss\u00edvel infra\u00e7\u00e3o \u00e9tica contida na solicita\u00e7\u00e3o de consulta, a encaminhar\u00e1 \u00e0 Corregedoria para as apura\u00e7\u00f5es necess\u00e1rias.<\/p>\n<p>\u00a7 6\u00ba Nas consultas encaminhadas ao Conselho Federal de Medicina sobre mat\u00e9ria limitada ao interesse regional, o consulente ser \u00e1 orientado a encaminh\u00e1-la ao Conselho Regional de Medicina de seu estado.<\/p>\n<p>&nbsp;<\/p>\n<p>(&#8230;)<\/p>\n<p>&nbsp;<\/p>\n<p>&nbsp;<\/p>\n<div role=\"form\" class=\"wpcf7\" id=\"wpcf7-f30824-o1\" lang=\"pt-BR\" dir=\"ltr\">\n<div class=\"screen-reader-response\"><p role=\"status\" aria-live=\"polite\" aria-atomic=\"true\"><\/p> <ul><\/ul><\/div>\n<form action=\"\/index.php\/wp-json\/wp\/v2\/pages\/30825#wpcf7-f30824-o1\" method=\"post\" class=\"wpcf7-form init\" enctype=\"multipart\/form-data\" novalidate=\"novalidate\" data-status=\"init\">\n<div style=\"display: none;\">\n<input type=\"hidden\" name=\"_wpcf7\" value=\"30824\" \/>\n<input type=\"hidden\" name=\"_wpcf7_version\" value=\"5.6.3\" \/>\n<input type=\"hidden\" name=\"_wpcf7_locale\" value=\"pt_BR\" \/>\n<input type=\"hidden\" name=\"_wpcf7_unit_tag\" value=\"wpcf7-f30824-o1\" \/>\n<input type=\"hidden\" name=\"_wpcf7_container_post\" value=\"0\" \/>\n<input type=\"hidden\" name=\"_wpcf7_posted_data_hash\" value=\"\" \/>\n<input type=\"hidden\" name=\"_wpcf7_recaptcha_response\" value=\"\" \/>\n<\/div>\n<div class=\"consulta-etica form-section\">\n<h2>Dados do Solicitante<\/h2>\n<div class=\"form-content\">\n<div class=\"form-group col-xs-12 col-md-8\">\n<label for=\"nomeCompleto \">Nome Completo:<span>*<\/span><\/label><br \/>\n<span class=\"wpcf7-form-control-wrap\" data-name=\"nomeCompleto\"><input type=\"text\" name=\"nomeCompleto\" value=\"\" size=\"40\" class=\"wpcf7-form-control wpcf7-text wpcf7-validates-as-required form-control\" id=\"nomeCompleto\" aria-required=\"true\" aria-invalid=\"false\" \/><\/span>\n<\/div>\n<div class=\"form-group col-xs-12 col-md-3\">\n<label for=\"numeroCrm\">N\u00famero do CRM:<\/label><br \/>\n<span class=\"wpcf7-form-control-wrap\" data-name=\"numeroCrm\"><input type=\"text\" name=\"numeroCrm\" value=\"\" size=\"7\" maxlength=\"7\" class=\"wpcf7-form-control wpcf7-text form-control\" id=\"numeroCrm\" aria-invalid=\"false\" \/><\/span>\n<\/div>\n<div class=\"form-group col-xs-12 col-md-1\">\n<label for=\"ufCrm \">UF:<\/label><br \/>\n<span class=\"wpcf7-form-control-wrap\" data-name=\"ufCrm\"><select name=\"ufCrm\" class=\"wpcf7-form-control wpcf7-select form-control\" id=\"ufCrm\" aria-invalid=\"false\"><option value=\"--\">--<\/option><option value=\"AC\">AC<\/option><option value=\"AL\">AL<\/option><option value=\"AM\">AM<\/option><option value=\"AP\">AP<\/option><option value=\"BA\">BA<\/option><option value=\"CE\">CE<\/option><option value=\"DF\">DF<\/option><option value=\"ES\">ES<\/option><option value=\"GO\">GO<\/option><option value=\"MA\">MA<\/option><option value=\"MG\">MG<\/option><option value=\"MT\">MT<\/option><option value=\"MS\">MS<\/option><option value=\"PA\">PA<\/option><option value=\"PB\">PB<\/option><option value=\"PE\">PE<\/option><option value=\"PI\">PI<\/option><option value=\"PR\">PR<\/option><option value=\"RJ\">RJ<\/option><option value=\"RN\">RN<\/option><option value=\"RS\">RS<\/option><option value=\"RO\">RO<\/option><option value=\"RR\">RR<\/option><option value=\"SC\">SC<\/option><option value=\"SP\">SP<\/option><option value=\"SE\">SE<\/option><option value=\"TO\">TO<\/option><\/select><\/span>\n<\/div>\n<div class=\"form-group col-xs-12 col-md-4\">\n<label for=\"cpf\">CPF:<span>*<\/span><\/label><br \/>\n<span class=\"wpcf7-form-control-wrap\" data-name=\"cpf\"><input type=\"text\" name=\"cpf\" value=\"\" size=\"40\" class=\"wpcf7-form-control wpcf7-text wpcf7-validates-as-required form-control\" id=\"cpf\" aria-required=\"true\" aria-invalid=\"false\" \/><\/span>\n<\/div>\n<div class=\"form-group col-xs-12 col-md-8\">\n<label for=\"email\">E-mail:<span>*<\/span><\/label><br \/>\n<span class=\"wpcf7-form-control-wrap\" data-name=\"email\"><input type=\"email\" name=\"email\" value=\"\" size=\"40\" class=\"wpcf7-form-control wpcf7-text wpcf7-email wpcf7-validates-as-required wpcf7-validates-as-email form-control\" id=\"email\" aria-required=\"true\" aria-invalid=\"false\" \/><\/span>\n<\/div>\n<\/div>\n<\/div>\n<div class=\"consulta-etica form-section\">\n<h2>Endere\u00e7o do Solicitante<\/h2>\n<div class=\"form-content\">\n<div class=\"form-group col-xs-12 col-md-2\">\n<label for=\"cepEndResidencial\">CEP:<span>*<\/span><\/label><br \/>\n<span class=\"wpcf7-form-control-wrap\" data-name=\"cepEndResidencial\"><input type=\"text\" name=\"cepEndResidencial\" value=\"\" size=\"40\" class=\"wpcf7-form-control wpcf7-text wpcf7-validates-as-required form-control\" id=\"cepEndResidencial\" aria-required=\"true\" aria-invalid=\"false\" \/><\/span>\n<\/div>\n<div class=\"form-group col-xs-12 col-md-5\">\n<label for=\"ruaEndResidencial\">Rua:<span>*<\/span><\/label><br \/>\n<span class=\"wpcf7-form-control-wrap\" data-name=\"ruaEndResidencial\"><input type=\"text\" name=\"ruaEndResidencial\" value=\"\" size=\"40\" class=\"wpcf7-form-control wpcf7-text wpcf7-validates-as-required form-control\" id=\"ruaEndResidencial\" aria-required=\"true\" aria-invalid=\"false\" \/><\/span>\n<\/div>\n<div class=\"form-group col-xs-12 col-md-1\">\n<label for=\"numeroEndResidencial\">N\u00famero:<span>*<\/span><\/label><br \/>\n<span class=\"wpcf7-form-control-wrap\" data-name=\"numeroEndResidencial\"><input type=\"text\" name=\"numeroEndResidencial\" value=\"\" size=\"3\" maxlength=\"5\" class=\"wpcf7-form-control wpcf7-text wpcf7-validates-as-required form-control\" id=\"numeroEndResidencial\" aria-required=\"true\" aria-invalid=\"false\" \/><\/span>\n<\/div>\n<div class=\"form-group col-xs-12 col-md-4\">\n<label for=\"bairroEndResidencial\">Bairro:<\/label><br \/>\n<span class=\"wpcf7-form-control-wrap\" data-name=\"bairroEndResidencial\"><input type=\"text\" name=\"bairroEndResidencial\" value=\"\" size=\"40\" class=\"wpcf7-form-control wpcf7-text wpcf7-validates-as-required form-control\" id=\"bairroEndResidencial\" aria-required=\"true\" aria-invalid=\"false\" \/><\/span>\n<\/div>\n<div class=\"form-group col-xs-12 col-md-1\">\n<label for=\"ufEndResidencial\">Estado\/Cidade:<span>*<\/span><\/label><br \/>\n<span class=\"wpcf7-form-control-wrap\" data-name=\"ufEndResidencial\"><select name=\"ufEndResidencial\" class=\"wpcf7-form-control wpcf7-select wpcf7-validates-as-required form-control\" id=\"ufEndResidencial\" aria-required=\"true\" aria-invalid=\"false\"><option value=\"--\">--<\/option><option value=\"AC\">AC<\/option><option value=\"AL\">AL<\/option><option value=\"AM\">AM<\/option><option value=\"AP\">AP<\/option><option value=\"BA\">BA<\/option><option value=\"CE\">CE<\/option><option value=\"DF\">DF<\/option><option value=\"ES\">ES<\/option><option value=\"GO\">GO<\/option><option value=\"MA\">MA<\/option><option value=\"MG\">MG<\/option><option value=\"MT\">MT<\/option><option value=\"MS\">MS<\/option><option value=\"PA\">PA<\/option><option value=\"PB\">PB<\/option><option value=\"PE\">PE<\/option><option value=\"PI\">PI<\/option><option value=\"PR\">PR<\/option><option value=\"RJ\">RJ<\/option><option value=\"RN\">RN<\/option><option value=\"RS\">RS<\/option><option value=\"RO\">RO<\/option><option value=\"RR\">RR<\/option><option value=\"SC\">SC<\/option><option value=\"SP\">SP<\/option><option value=\"SE\">SE<\/option><option value=\"TO\">TO<\/option><\/select><\/span>\n<\/div>\n<div class=\"form-group col-xs-12 col-md-5\">\n<label for=\"cidadeEndResidencial\"><span class=\"invisible\">Cidade<\/span><\/label><br \/>\n<span class=\"wpcf7-form-control-wrap\" data-name=\"cidadeEndResidencial\"><input type=\"text\" name=\"cidadeEndResidencial\" value=\"\" size=\"40\" class=\"wpcf7-form-control wpcf7-text wpcf7-validates-as-required form-control\" id=\"cidadeEndResidencial\" aria-required=\"true\" aria-invalid=\"false\" \/><\/span>\n<\/div>\n<div class=\"form-group col-xs-12 col-md-3\">\n<label for=\"telefoneResidencial\">Telefone Residencial:<span>*<\/span><\/label><br \/>\n<span class=\"wpcf7-form-control-wrap\" data-name=\"telefoneResidencial\"><input type=\"tel\" name=\"telefoneResidencial\" value=\"\" size=\"40\" class=\"wpcf7-form-control wpcf7-text wpcf7-tel wpcf7-validates-as-required wpcf7-validates-as-tel form-control\" id=\"telefoneResidencial\" aria-required=\"true\" aria-invalid=\"false\" \/><\/span>\n<\/div>\n<div class=\"form-group col-xs-12 col-md-3\">\n<label for=\"telefoneCelular\">Celular:<\/label><br \/>\n<span class=\"wpcf7-form-control-wrap\" data-name=\"telefoneCelular\"><input type=\"tel\" name=\"telefoneCelular\" value=\"\" size=\"40\" class=\"wpcf7-form-control wpcf7-text wpcf7-tel wpcf7-validates-as-tel form-control\" id=\"telefoneCelular\" aria-invalid=\"false\" \/><\/span>\n<\/div>\n<\/div>\n<\/div>\n<div class=\"consulta-etica form-section\">\n<h2>Sobre o Parecer Solicitado<\/h2>\n<div class=\"form-content\">\n<div class=\"form-group col-xs-12\">\n<label for=\"assunto\">Assunto:<span>*<\/span><\/label><br \/>\n<span class=\"wpcf7-form-control-wrap\" data-name=\"assunto\"><input type=\"text\" name=\"assunto\" value=\"\" size=\"40\" class=\"wpcf7-form-control wpcf7-text wpcf7-validates-as-required form-control\" id=\"assunto\" aria-required=\"true\" aria-invalid=\"false\" \/><\/span>\n<\/div>\n<div class=\"form-group col-xs-12\">\n<label for=\"mensagem\">Mensagem:<span>*<\/span><\/label><br \/>\n<span class=\"wpcf7-form-control-wrap\" data-name=\"mensagem\"><textarea name=\"mensagem\" cols=\"40\" rows=\"10\" class=\"wpcf7-form-control wpcf7-textarea wpcf7-validates-as-required form-control\" id=\"mensagem\" aria-required=\"true\" aria-invalid=\"false\"><\/textarea><\/span>\n<\/div>\n<div class=\"form-group col-xs-12\">\n<label for=\"justificativa\">Justificativa:<span>*<\/span><\/label><br \/>\n<span class=\"wpcf7-form-control-wrap\" data-name=\"justificativa\"><textarea name=\"justificativa\" cols=\"40\" rows=\"10\" class=\"wpcf7-form-control wpcf7-textarea wpcf7-validates-as-required form-control\" id=\"justificativa\" aria-required=\"true\" aria-invalid=\"false\"><\/textarea><\/span>\n<\/div>\n<div class=\"form-group col-xs-12\">\n<label for=\"userfile\">Anexo: <i>(os formatos aceitos s\u00e3o jpg, png, doc, docx, pdf, zip e rar)<\/i><\/label><br \/>\n<span class=\"wpcf7-form-control-wrap\" data-name=\"userfile\"><input type=\"file\" name=\"userfile\" size=\"40\" class=\"wpcf7-form-control wpcf7-file form-control-file\" id=\"userfile\" accept=\".jpg,.png,.doc,.docx,.pdf,.zip,.rar\" aria-invalid=\"false\" \/><\/span>\n<\/div>\n<\/div>\n<\/div>\n<div class=\"consulta-etica btn-container text-right col-xs-12\">\n<button type=\"submit\" class=\"btn btn-primary\" id=\"searchsubmit\"><i class=\"icon-magnifying-glass\"><\/i> Enviar<\/button><br \/>\n<span class=\"ajax-loader\"><\/span>\n<\/div>\n<div class=\"wpcf7-response-output\" aria-hidden=\"true\"><\/div><\/form><\/div>\n","protected":false},"excerpt":{"rendered":"<p>INSTRU\u00c7\u00d5ES: Antes de preencher este formul\u00e1rio, fa\u00e7a pesquisa no link de Normas procurando material sobre o assunto que pretende. Caso [&hellip;]<\/p>\n","protected":false},"author":2,"featured_media":0,"parent":0,"menu_order":0,"comment_status":"closed","ping_status":"closed","template":"","meta":{"_expiration-date-status":"","_expiration-date":0,"_expiration-date-type":"","_expiration-date-categories":[],"_expiration-date-options":[]},"acf":[],"_links":{"self":[{"href":"https:\/\/www.cremeb.org.br\/index.php\/wp-json\/wp\/v2\/pages\/30825"}],"collection":[{"href":"https:\/\/www.cremeb.org.br\/index.php\/wp-json\/wp\/v2\/pages"}],"about":[{"href":"https:\/\/www.cremeb.org.br\/index.php\/wp-json\/wp\/v2\/types\/page"}],"author":[{"embeddable":true,"href":"https:\/\/www.cremeb.org.br\/index.php\/wp-json\/wp\/v2\/users\/2"}],"replies":[{"embeddable":true,"href":"https:\/\/www.cremeb.org.br\/index.php\/wp-json\/wp\/v2\/comments?post=30825"}],"version-history":[{"count":7,"href":"https:\/\/www.cremeb.org.br\/index.php\/wp-json\/wp\/v2\/pages\/30825\/revisions"}],"predecessor-version":[{"id":43665,"href":"https:\/\/www.cremeb.org.br\/index.php\/wp-json\/wp\/v2\/pages\/30825\/revisions\/43665"}],"wp:attachment":[{"href":"https:\/\/www.cremeb.org.br\/index.php\/wp-json\/wp\/v2\/media?parent=30825"}],"curies":[{"name":"wp","href":"https:\/\/api.w.org\/{rel}","templated":true}]}}