{"id":29593,"date":"2020-07-01T13:32:32","date_gmt":"2020-07-01T13:32:32","guid":{"rendered":"http:\/\/www.cremeb.org.br\/?page_id=29593"},"modified":"2021-01-20T19:20:09","modified_gmt":"2021-01-20T19:20:09","slug":"ficha-financeira-pagamentos_pf","status":"publish","type":"page","link":"https:\/\/www.cremeb.org.br\/index.php\/ficha-financeira-pagamentos_pf\/","title":{"rendered":"Ficha Financeira\/Pagamentos com Cart\u00e3o"},"content":{"rendered":"<p style=\"text-align: justify;\">Visualiza\u00e7\u00e3o de anuidades e taxas pagas e de d\u00e9bitos em aberto com o CREMEB, tendo a op\u00e7\u00e3o de pagamento com cart\u00e3o Cr\u00e9dito, via web.<\/p>\n<p style=\"text-align: justify;\"><strong><span style=\"color: #ff0000;\">Antes de consultar a Ficha Financeira, leia as instru\u00e7\u00f5es:<\/span><\/strong><\/p>\n<p style=\"text-align: justify; padding-left: 30px;\">1. Por se tratar de \u00e1rea restrita, \u00e9 necess\u00e1rio o acesso com senha. No caso de ter esquecido a senha ou n\u00e3o possuir cadastro, o usu\u00e1rio dever\u00e1 clicar na op\u00e7\u00e3o \u201c<a href=\"https:\/\/websemc.cremeb.org.br\/Account\/SendResetEmail\" target=\"_blank\" rel=\"noopener\">Esqueceu a senha ou n\u00e3o possui cadastro?<\/a>\u201d, na pr\u00f3xima janela que foi aberta ser\u00e1 necess\u00e1rio informar o CPF em seguida \u201csolicitar\u201d. Ser\u00e1 enviado para o e-mail cadastrado no CREMEB um link para a cria\u00e7\u00e3o da nova senha. Se ainda assim, n\u00e3o lembrar qual o e-mail cadastrado no CREMEB, o m\u00e9dico poder\u00e1 enviar para <a href=\"mailto:atualizaendereco@cremeb.org.br\" target=\"_blank\" rel=\"noopener\">atualizaendereco@cremeb.org.br<\/a>, uma solicita\u00e7\u00e3o, assinada, com o novo e-mail que ser\u00e1 atualizado em seu cadastro do CREMEB. Ap\u00f3s a atualiza\u00e7\u00e3o, poder\u00e1 dar continuidade ao acesso da \u00e1rea restrita;<\/p>\n<p style=\"text-align: justify; padding-left: 30px;\">2. Nesta \u00e1rea restrita, o m\u00e9dico\/prestador visualizar\u00e1 atrav\u00e9s da Ficha Financeira os d\u00e9bitos quitados e os d\u00e9bitos em aberto com o CREMEB. Ap\u00f3s selecionar o d\u00e9bito poder\u00e1 efetuar o pagamento por cart\u00e3o de cr\u00e9dito, ou ainda, imprimir a 2\u00aa via do boleto respectivo a cada d\u00e9bito de Anuidade ou taxas e Multa Eleitoral;<\/p>\n<p style=\"text-align: justify; padding-left: 30px;\">3. A anuidade do exerc\u00edcio atual, poder\u00e1 ser parcelada em at\u00e9 05 (cinco) parcelas;<\/p>\n<p style=\"text-align: justify; padding-left: 30px;\">4. O d\u00e9bito de exerc\u00edcio anteriores, ap\u00f3s selecionado, poder\u00e1 ser parcelado em at\u00e9 12 (doze) vezes, desde que o valor da parcela n\u00e3o seja inferior a R$ 150,00 (cento e cinquenta reais);<\/p>\n<p style=\"text-align: justify; padding-left: 30px;\">5. As taxas de servi\u00e7os somente poder\u00e3o ser pagas em parcela \u00fanica;<\/p>\n<p style=\"text-align: justify; padding-left: 30px;\"><strong>Aten\u00e7\u00e3o:<\/strong> Para os Prestadores, \u00e9 obrigat\u00f3rio o pagamento da(s) taxa(s) de Renova\u00e7\u00e3o Anual de Certificado, em cota \u00fanica, antes de realizarem o pagamento da(s) anuidade(s) em cota \u00fanica ou, de forma parcelada.<\/p>\n<p style=\"padding-left: 30px; text-align: justify;\">6. O m\u00e9dico\/prestador com alguma parcela do d\u00e9bito em atraso, caso deseje pagar com cart\u00e3o de cr\u00e9dito, dever\u00e1 enviar uma solicita\u00e7\u00e3o em documento assinado, para o e-mail da <a href=\"mailto:tesouraria@cremeb.org.br\">tesouraria@cremeb.org.br<\/a> com a informa\u00e7\u00e3o de como deseja renegociar, para que possamos desfazer o parcelamento no sistema, desde que o valor da parcela n\u00e3o seja inferior a R$ 150,00 (cento e cinquenta reais);<\/p>\n<p style=\"padding-left: 30px; text-align: justify;\">7. O pagamento da primeira inscri\u00e7\u00e3o no CREMEB, ser\u00e3o cobradas taxas e\/ou anuidades que s\u00f3 poder\u00e3o ser pagas em parcela \u00fanica, no boleto banc\u00e1rio ou atrav\u00e9s de cart\u00e3o D\u00e9bito, na sede do CREMEB;<\/p>\n<p style=\"padding-left: 30px; text-align: justify;\">8. Em caso de d\u00favida, entre em contato com o Financeiro do CREMEB, via e-mail <a href=\"mailto:tesouraria@cremeb.org.br\">tesouraria@cremeb.org.br<\/a>\u00a0.<\/p>\n<p>&nbsp;<\/p>\n<p>&nbsp;<\/p>\n<p style=\"padding-left: 30px;\"><a class=\"btn btn-primary\" href=\"http:\/\/websemc.cremeb.org.br\/webpf\/Home\/Financeiro\/\" target=\"_blank\" rel=\"noopener noreferrer\">Acessar Ficha Financeira\/Pagamentos com Cart\u00e3o<\/a><\/p>\n","protected":false},"excerpt":{"rendered":"<p>Visualiza\u00e7\u00e3o de anuidades e taxas pagas e de d\u00e9bitos em aberto com o CREMEB, tendo a op\u00e7\u00e3o de pagamento com [&hellip;]<\/p>\n","protected":false},"author":2,"featured_media":0,"parent":0,"menu_order":0,"comment_status":"closed","ping_status":"closed","template":"","meta":{"_expiration-date-status":"saved","_expiration-date":0,"_expiration-date-type":"","_expiration-date-categories":[],"_expiration-date-options":[]},"acf":[],"_links":{"self":[{"href":"https:\/\/www.cremeb.org.br\/index.php\/wp-json\/wp\/v2\/pages\/29593"}],"collection":[{"href":"https:\/\/www.cremeb.org.br\/index.php\/wp-json\/wp\/v2\/pages"}],"about":[{"href":"https:\/\/www.cremeb.org.br\/index.php\/wp-json\/wp\/v2\/types\/page"}],"author":[{"embeddable":true,"href":"https:\/\/www.cremeb.org.br\/index.php\/wp-json\/wp\/v2\/users\/2"}],"replies":[{"embeddable":true,"href":"https:\/\/www.cremeb.org.br\/index.php\/wp-json\/wp\/v2\/comments?post=29593"}],"version-history":[{"count":8,"href":"https:\/\/www.cremeb.org.br\/index.php\/wp-json\/wp\/v2\/pages\/29593\/revisions"}],"predecessor-version":[{"id":32082,"href":"https:\/\/www.cremeb.org.br\/index.php\/wp-json\/wp\/v2\/pages\/29593\/revisions\/32082"}],"wp:attachment":[{"href":"https:\/\/www.cremeb.org.br\/index.php\/wp-json\/wp\/v2\/media?parent=29593"}],"curies":[{"name":"wp","href":"https:\/\/api.w.org\/{rel}","templated":true}]}}