{"id":21416,"date":"2018-11-16T17:26:53","date_gmt":"2018-11-16T17:26:53","guid":{"rendered":"http:\/\/www.cremeb.org.br\/?page_id=21416"},"modified":"2018-11-16T17:26:53","modified_gmt":"2018-11-16T17:26:53","slug":"classificacao-dos-estabelecimentos-de-saude","status":"publish","type":"page","link":"https:\/\/www.cremeb.org.br\/index.php\/classificacao-dos-estabelecimentos-de-saude\/","title":{"rendered":"Classifica\u00e7\u00e3o dos Estabelecimentos de Sa\u00fade"},"content":{"rendered":"<p>A classifica\u00e7\u00e3o dos estabelecimentos pode definir requisitos e procedimentos que devem ser adotados no registro dos estabelecimentos de sa\u00fade.<\/p>\n<p>&nbsp;<\/p>\n<table width=\"605\">\n<tbody>\n<tr>\n<td width=\"605\"><strong>1. Consult\u00f3rio<\/strong> <strong>m\u00e9dico<\/strong><\/p>\n<p>Ambiente restrito destinado \u00e0 presta\u00e7\u00e3o de consultas m\u00e9dicas, podendo ou n\u00e3o realizar procedimentos cl\u00ednicos ou diagn\u00f3sticos, sob anestesia local, com ou sem seda\u00e7\u00e3o, dependendo do tipo:<\/p>\n<ul>\n<li><strong>Tipo I \u2013 <\/strong>Exerce a medicina b\u00e1sica sem procedimentos, sem anestesia local e sem seda\u00e7\u00e3o.<\/li>\n<li><strong>Tipo II \u2013 <\/strong>Executam procedimentos sem anestesia local e sem seda\u00e7\u00e3o.<\/li>\n<li><strong>Tipo III \u2013 <\/strong>Executam procedimentos invasivos de risco de anafilaxia, insufici\u00eancia respirat\u00f3ria e cardiovascular, inclusive aqueles com anestesia local sem seda\u00e7\u00e3o ou onde se aplicam procedimentos para seda\u00e7\u00e3o leve e moderada.<\/li>\n<li><strong>Tipo IV \u2013 <\/strong>Executam procedimentos com anestesia local mais seda\u00e7\u00e3o.<\/li>\n<\/ul>\n<\/td>\n<\/tr>\n<tr>\n<td width=\"605\"><strong>2. Unidade B\u00e1sica de Sa\u00fade\/Posto de Sa\u00fade<\/strong><\/p>\n<p>Unidade destinada \u00e0 presta\u00e7\u00e3o de assist\u00eancia \u00e0 determinada popula\u00e7\u00e3o, de forma programada ou n\u00e3o, por profissional de n\u00edvel m\u00e9dio e supervis\u00e3o m\u00e9dica peri\u00f3dica.<\/td>\n<\/tr>\n<tr>\n<td width=\"605\"><strong>3. Centro de sa\u00fade<\/strong><\/p>\n<p>Prestam os mesmos atendimentos dos Postos de Sa\u00fade e mais:<\/p>\n<ul>\n<li>Assist\u00eancia m\u00e9dica;<\/li>\n<li>Assist\u00eancia odontol\u00f3gica;<\/li>\n<li>An\u00e1lise laboratorial;<\/li>\n<li>Educa\u00e7\u00e3o sanit\u00e1ria;<\/li>\n<li>Suplementa\u00e7\u00e3o alimentar;<\/li>\n<li>Atendimento de enfermagem;<\/li>\n<li>Controle de doen\u00e7as infectoparasit\u00e1rias;<\/li>\n<li>Servi\u00e7os auxiliares de enfermagem;<\/li>\n<li>Saneamento b\u00e1sico;<\/li>\n<li>Atendimento aos pacientes encaminhados;<\/li>\n<li>Treinamento de pessoal;<\/li>\n<li>Supervis\u00e3o de postos de sa\u00fade;<\/li>\n<li>Fiscaliza\u00e7\u00e3o sanit\u00e1ria.<\/li>\n<\/ul>\n<p>&nbsp;<\/td>\n<\/tr>\n<tr>\n<td width=\"605\"><strong>4. Ambulat\u00f3rio (policl\u00ednica\/centro m\u00e9dico\/centro de especialidades)<\/strong><\/p>\n<p>Unidade de sa\u00fade para presta\u00e7\u00e3o de atendimento ambulatorial em v\u00e1rias, podendo ofertar as b\u00e1sicas e outras n\u00e3o m\u00e9dicas e oferecer servi\u00e7o auxiliar de diagn\u00f3stico e terapia (SADT), al\u00e9m de atendimento ambulatorial 24 horas.<\/td>\n<\/tr>\n<tr>\n<td width=\"605\"><strong>5. Unidade mista<\/strong><\/p>\n<p>Unidade b\u00e1sica de sa\u00fade destinada \u00e0 presta\u00e7\u00e3o e atendimento em aten\u00e7\u00e3o b\u00e1sica e integral \u00e0 sa\u00fade, de forma programada ou n\u00e3o, nas especialidades b\u00e1sicas, podendo oferecer assist\u00eancia odontol\u00f3gica e de outros profissionais, com unidade de observa\u00e7\u00e3o, sob administra\u00e7\u00e3o \u00fanica. A assist\u00eancia m\u00e9dica deve ser permanente e prestada por m\u00e9dico especialista ou generalista. Pode dispor de urg\u00eancia\/emerg\u00eancia e SADT b\u00e1sico ou de rotina.<\/p>\n<p><strong>\u00a0<\/strong><\/td>\n<\/tr>\n<tr>\n<td width=\"605\"><strong>6. Hospital geral <\/strong><\/p>\n<p>Hospitais s\u00e3o todos os estabelecimentos com pelo menos cinco leitos para interna\u00e7\u00e3o de pacientes, que garantem um atendimento b\u00e1sico de diagn\u00f3stico e tratamento, com equipe cl\u00ednica organizada e presen\u00e7a de m\u00e9dico 24 horas, com prova de admiss\u00e3o e assist\u00eancia permanente prestada por m\u00e9dicos. Al\u00e9m disso, considera-se a exist\u00eancia de servi\u00e7o de enfermagem, nutri\u00e7\u00e3o e diet\u00e9tica, atendimento terap\u00eautico direto ao paciente, durante 24 horas, com a disponibilidade de servi\u00e7os de laborat\u00f3rio e radiologia, servi\u00e7o de cirurgia e\/ou parto, bem como registros m\u00e9dicos organizados para a r\u00e1pida observa\u00e7\u00e3o e acompanhamento dos casos.<\/p>\n<p>Destinado \u00e0 presta\u00e7\u00e3o de atendimento nas especialidades b\u00e1sicas, por especialistas e\/ou outras especialidades m\u00e9dicas. Pode dispor de servi\u00e7o de Urg\u00eancia\/Emerg\u00eancia. Deve dispor tamb\u00e9m de SADT de m\u00e9dia complexidade, podendo ter ou n\u00e3o Sistema Integrado de Patrim\u00f4nio, Administra\u00e7\u00e3o e Contratos (Sipac).<\/p>\n<p>&nbsp;<\/p>\n<p><strong>Observa\u00e7\u00e3o:<\/strong> Com menos de cinco leitos n\u00e3o ser\u00e3o registrados como hospitais.<\/p>\n<p>&nbsp;<\/p>\n<p><strong>Porte 1<\/strong><\/p>\n<p>HOSPITAL GERAL DE <strong>PEQUENO<\/strong> PORTE:<\/p>\n<p>Com capacidade instalada de 5 a 50 leitos.<\/p>\n<p>&nbsp;<\/p>\n<p><strong>Porte 2<\/strong><\/p>\n<p>HOSPITAL GERAL DE <strong>M\u00c9DIO<\/strong> PORTE:<\/p>\n<p>Com capacidade instalada de 51 a 150 leitos.<\/p>\n<p>&nbsp;<\/p>\n<p><strong>Porte 3<\/strong><\/p>\n<p>HOSPITAL GERAL DE <strong>GRANDE<\/strong> PORTE:<\/p>\n<p>Com capacidade instalada acima de 151 leitos.<\/td>\n<\/tr>\n<tr>\n<td width=\"605\"><strong>7. Hospital especializado<\/strong><\/p>\n<p>Hospital destinado \u00e0 presta\u00e7\u00e3o de assist\u00eancia \u00e0 sa\u00fade em uma \u00fanica especialidade\/\u00e1rea. Pode dispor de Servi\u00e7o de Urg\u00eancia\/Emerg\u00eancia e SADT, podendo ter ou n\u00e3o Sipac. Geralmente, de refer\u00eancia regional, macrorregional ou estadual.<\/p>\n<p>&nbsp;<\/p>\n<p><strong>Porte 1<\/strong><\/p>\n<p><strong>HOSPITAL ESPECIALIZADO DE GRANDE PORTE:<\/strong><\/p>\n<p>Com capacidade instalada de 151 leitos.<\/p>\n<p>&nbsp;<\/p>\n<p><strong>Porte 2<\/strong><\/p>\n<p><strong>HOSPITAL ESPECIALIZADO DE M\u00c9DIO PORTE:<\/strong><\/p>\n<p>Com capacidade instalada de 51 a 150 leitos.<\/p>\n<p>&nbsp;<\/p>\n<p><strong>Porte 3 <\/strong><\/p>\n<p><strong>HOSPITAL ESPECIALIZADO DE PEQUENO PORTE:<\/strong><\/p>\n<p>Com capacidade instalada de 5 a 50 leitos.<\/td>\n<\/tr>\n<tr>\n<td width=\"605\"><strong>08. Hospital\/Dia \u2013 Isolado<\/strong><\/p>\n<p>Unidades especializadas no atendimento de curta dura\u00e7\u00e3o, com car\u00e1ter intermedi\u00e1rio entre a assist\u00eancia ambulatorial e a interna\u00e7\u00e3o.<\/td>\n<\/tr>\n<tr>\n<td width=\"605\"><strong>09. Upas\/Pronto-Atendimento <\/strong><\/p>\n<p>Estabelecimento de sa\u00fade de complexidade intermedi\u00e1ria de assist\u00eancia m\u00e9dica ininterrupta, atendimento \u00e0s urg\u00eancias\/emerg\u00eancias, com ou sem unidades de repouso, devendo compor com a rede hospitalar e\/ou UBS\/SF rede de refer\u00eancia e continuidade do atendimento.<\/p>\n<table width=\"533\">\n<tbody>\n<tr>\n<td width=\"49\">UPA\/PA<\/td>\n<td width=\"95\">Popula\u00e7\u00e3o da regi\u00e3o<\/p>\n<p>de cobertura<\/td>\n<td width=\"57\">\u00c1rea f\u00edsica<\/td>\n<td width=\"66\">N\u00ba de atendimentos m\u00e9dicos em 24 horas<\/td>\n<td width=\"132\">N\u00ba m\u00ednimo de m\u00e9dicos por plant\u00e3o<\/td>\n<td width=\"135\">N\u00ba m\u00ednimo de leitos<\/p>\n<p>de observa\u00e7\u00e3o<\/td>\n<\/tr>\n<tr>\n<td width=\"49\">I<\/td>\n<td width=\"95\">50.000 a 100.000 habitantes<\/td>\n<td width=\"57\">700 m\u00b2<\/td>\n<td width=\"66\">50 a 150 pacientes<\/td>\n<td width=\"132\">2 m\u00e9dicos, sendo um pediatra e um cl\u00ednico geral<\/td>\n<td width=\"135\">5 \u2013 8 leitos<\/td>\n<\/tr>\n<tr>\n<td width=\"49\">II<\/td>\n<td width=\"95\">100.001 a 200.000 habitantes<\/td>\n<td width=\"57\">1.000 m\u00b2<\/td>\n<td width=\"66\">151 a 300 pacientes<\/td>\n<td width=\"132\">4 m\u00e9dicos, distribu\u00eddos entre pediatras e cl\u00ednicos gerais<\/td>\n<td width=\"135\">9 \u2013 12 leitos<\/td>\n<\/tr>\n<tr>\n<td width=\"49\">III<\/td>\n<td width=\"95\">200.001 a 300.000 habitantes<\/td>\n<td width=\"57\">1.300 m\u00b2<\/td>\n<td width=\"66\">301 a 450 pacientes<\/td>\n<td width=\"132\">6 m\u00e9dicos, distribu\u00eddos entre pediatras e cl\u00ednicos gerais<\/td>\n<td width=\"135\">13 \u2013 20 leitos<\/td>\n<\/tr>\n<\/tbody>\n<\/table>\n<\/td>\n<\/tr>\n<tr>\n<td width=\"605\"><strong>10. Servi\u00e7os hospitalares de urg\u00eancia e emerg\u00eancia<\/strong><\/p>\n<p>Entende-se por servi\u00e7os hospitalares de urg\u00eancia e emerg\u00eancia os denominados \u201cprontos-socorros hospitalares\u201d, \u201cpronto-atendimentos hospitalares\u201d, \u201cemerg\u00eancias hospitalares\u201d, \u201cemerg\u00eancias de especialidades\u201d ou quaisquer outras denomina\u00e7\u00f5es, excetuando-se os servi\u00e7os de aten\u00e7\u00e3o \u00e0s urg\u00eancias n\u00e3o hospitalares, como as UPAs e cong\u00eaneres.<\/td>\n<\/tr>\n<tr>\n<td width=\"605\"><strong>11. Unidade m\u00f3vel fluvial<\/strong><\/p>\n<p>Barco\/navio equipado como unidade de sa\u00fade, contendo, no m\u00ednimo, um consult\u00f3rio m\u00e9dico e uma sala de curativos, podendo ter consult\u00f3rio odontol\u00f3gico.<\/td>\n<\/tr>\n<tr>\n<td width=\"605\"><strong>12. Cl\u00ednica especializada\/Ambulat\u00f3rio especializado<\/strong><\/p>\n<p>Cl\u00ednica especializada destinada \u00e0 assist\u00eancia ambulatorial em apenas uma especialidade\/\u00e1rea da assist\u00eancia (centro psicossocial\/reabilita\u00e7\u00e3o etc.) e\/ou executem procedimentos sob seda\u00e7\u00e3o.<\/p>\n<p>Obs.: Atender ao estabelecido na Resolu\u00e7\u00e3o CFM 2.007\/2013:<\/p>\n<p><strong>Art 1\u00ba Para o m\u00e9dico exercer o cargo de diretor t\u00e9cnico [\u2026]<\/strong><\/p>\n<p>\u00a71\u00ba Em institui\u00e7\u00f5es que prestam servi\u00e7os m\u00e9dicos em uma \u00fanica especialidade, o diretor t\u00e9cnico dever\u00e1 ser possuidor do t\u00edtulo de especialista registrado no CRM na respectiva \u00e1rea de atividade em que os servi\u00e7os s\u00e3o prestados.<\/td>\n<\/tr>\n<tr>\n<td width=\"605\"><strong>13. Unidade de apoio de diagnose e terapia <\/strong><\/p>\n<p>Unidades isoladas onde s\u00e3o realizadas atividades que auxiliam a determina\u00e7\u00e3o de diagn\u00f3stico e\/ou complementam o tratamento e a reabilita\u00e7\u00e3o do paciente.<\/td>\n<\/tr>\n<tr>\n<td width=\"605\"><strong>14. Unidade m\u00f3vel terrestre<\/strong><\/p>\n<p>Ve\u00edculo automotor equipado, especificamente, para a presta\u00e7\u00e3o de atendimento ao paciente.<\/td>\n<\/tr>\n<tr>\n<td width=\"605\"><strong>15. Unidade m\u00f3vel de n\u00edvel pr\u00e9-hospitalar na \u00e1rea de urg\u00eancia<\/strong><\/p>\n<p>Ve\u00edculo terrestre, a\u00e9reo ou hidrovi\u00e1rio destinado a prestar atendimento de urg\u00eancia e emerg\u00eancia pr\u00e9-hospitalar a paciente v\u00edtima de agravos a sua sa\u00fade (PTMS\/GM 824, de 24 de junho de 1999).<\/td>\n<\/tr>\n<tr>\n<td width=\"605\"><strong>16. Cooperativa<\/strong><\/p>\n<p>Unidade administrativa que disponibiliza seus profissionais cooperados para prestarem atendimento em estabelecimento de sa\u00fade.<\/td>\n<\/tr>\n<tr>\n<td width=\"605\"><strong>17. Regula\u00e7\u00e3o de Servi\u00e7os de Sa\u00fade<\/strong><\/p>\n<p>Unidade respons\u00e1vel pela avalia\u00e7\u00e3o, processamento e agendamento das solicita\u00e7\u00f5es de atendimento, garantindo o acesso dos usu\u00e1rios do SUS, mediante um planejamento de refer\u00eancia e contra refer\u00eancia.<\/p>\n<p>TIPO I \u2013 Urg\u00eancia (estrutura f\u00edsica constitu\u00edda por profissionais \u2013 m\u00e9dicos, telefonistas auxiliares de regula\u00e7\u00e3o m\u00e9dica e r\u00e1dio operadores \u2013 capacitados em regula\u00e7\u00e3o dos chamados telef\u00f4nicos que demandam orienta\u00e7\u00e3o e\/ou atendimento de urg\u00eancia, por meio de uma classifica\u00e7\u00e3o e prioriza\u00e7\u00e3o das necessidades de assist\u00eancia em urg\u00eancia, al\u00e9m de ordenar o fluxo efetivo das refer\u00eancias e contra refer\u00eancias dentro de uma Rede de Aten\u00e7\u00e3o, que cumprem determinados requisitos estabelecidos pelas normativas do Minist\u00e9rio da Sa\u00fade, tornando-se aptos ao recebimento dos incentivos financeiros, tanto para investimento quanto para custeio.)<\/p>\n<p><strong>Subtipo 01<\/strong> ESTADUAL (deve ser utilizado para o caso da Central de Regula\u00e7\u00e3o ser de gest\u00e3o estadual, tendo como abrang\u00eancia de atendimento diversos munic\u00edpios que n\u00e3o t\u00eam Central de Regula\u00e7\u00e3o das Urg\u00eancias dentro do Estado.)<\/p>\n<p><strong>Subtipo 02<\/strong> REGIONAL (deve ser utilizado para o caso da Central de Regula\u00e7\u00e3o ser de gest\u00e3o municipal, tendo como abrang\u00eancia de atendimento mais de um munic\u00edpio em conforma\u00e7\u00e3o regional, que n\u00e3o tem Central de Regula\u00e7\u00e3o das Urg\u00eancias).<\/p>\n<p><strong>Subtipo 03<\/strong> MUNICIPAL (deve ser utilizado para o caso da Central de Regula\u00e7\u00e3o ser de gest\u00e3o municipal, tendo como abrang\u00eancia de atendimento apenas o pr\u00f3prio munic\u00edpio).<\/p>\n<p>TIPO II \u2013 Acesso<\/p>\n<p>(estabelecimento de sa\u00fade respons\u00e1vel por receber, qualificar e ordenar a demanda por a\u00e7\u00f5es e servi\u00e7os de sa\u00fade de refer\u00eancia, com base em protocolos de regula\u00e7\u00e3o.)<\/td>\n<\/tr>\n<tr>\n<td width=\"605\"><strong>18<\/strong>. <strong>Laborat\u00f3rio Central de Sa\u00fade P\u00fablica (Lacen)<\/strong><\/p>\n<p>Estabelecimento de sa\u00fade que integra o Sistema Nacional de Laborat\u00f3rios de Sa\u00fade P\u00fablica (Sislab), em conformidade com normaliza\u00e7\u00e3o vigente.<\/td>\n<\/tr>\n<tr>\n<td width=\"605\"><strong>19. Secretarias de Sa\u00fade<\/strong><\/p>\n<p>Unidade gerencial\/administrativa e\/ou de assist\u00eancia m\u00e9dica e demais servi\u00e7os de sa\u00fade, como vigil\u00e2ncia em sa\u00fade (vigil\u00e2ncia epidemiol\u00f3gica e ambiental; vigil\u00e2ncia sanit\u00e1ria) e regula\u00e7\u00e3o de servi\u00e7os de sa\u00fade, notadamente de interesse dos Conselhos de Medicina, auditorias, controle e avalia\u00e7\u00e3o, regula\u00e7\u00e3o e assist\u00eancia.<\/td>\n<\/tr>\n<tr>\n<td width=\"605\"><strong>20. Servi\u00e7os de hemoterapia e\/ou hematologia<\/strong><\/p>\n<p>Estabelecimentos que realizam todo ou parte do ciclo do sangue, desde a capta\u00e7\u00e3o do doador, processamento, testes sorol\u00f3gicos, testes imuno-hematol\u00f3gicos, distribui\u00e7\u00e3o e transfus\u00e3o de sangue de maneira total ou parcial, dispondo ou n\u00e3o de assist\u00eancia hematol\u00f3gica.<\/td>\n<\/tr>\n<tr>\n<td width=\"605\"><strong>21. Centro de Aten\u00e7\u00e3o Psicossocial (Caps)<\/strong><\/p>\n<p>Unidade especializada que oferece atendimento (por equipe multiprofissional supervisionada por m\u00e9dico) de cuidados intermedi\u00e1rios entre o regime ambulatorial e a interna\u00e7\u00e3o hospitalar, constituindo-se tamb\u00e9m em a\u00e7\u00f5es relativas \u00e0 sa\u00fade mental.<\/p>\n<p>Porte: Caps I, II e \u00e1lcool e drogas (ad).<\/td>\n<\/tr>\n<tr>\n<td width=\"605\"><strong>22. Unidade m\u00e9dica pericial<\/strong><\/p>\n<p>&nbsp;<\/p>\n<p>TIPO I &#8211; Consult\u00f3rio pericial<\/p>\n<p>Subtipos:<\/p>\n<p>a)\u00a0\u00a0\u00a0 Medicina do Tr\u00e1fego<\/p>\n<p>b)\u00a0\u00a0\u00a0 Medicina do Trabalho<\/p>\n<p>c)\u00a0\u00a0\u00a0 Medicina do Esporte<\/p>\n<p>d)\u00a0\u00a0\u00a0 Medicina Aeroespacial<\/p>\n<p>e)\u00a0\u00a0\u00a0 Outros<\/p>\n<p>&nbsp;<\/p>\n<p>TIPO II \u2013 Posto Pericial Previdenci\u00e1rio<\/p>\n<p>TIPO III \u2013 Posto M\u00e9dico-Legal<\/p>\n<p>TIPO IV \u2212 IML\/DML<\/p>\n<p>TIPO V \u2212 Servi\u00e7o de Verifica\u00e7\u00e3o de \u00d3bito<\/td>\n<\/tr>\n<tr>\n<td width=\"605\"><strong>23. Servi\u00e7os de auditoria<\/strong><\/td>\n<\/tr>\n<tr>\n<td width=\"605\"><strong>24. Servi\u00e7os de cuidados domiciliares (<em>home care<\/em>)<\/strong><\/td>\n<\/tr>\n<tr>\n<td width=\"605\"><strong>25. Banco sangue, olhos, \u00f3rg\u00e3os, leite e outras secre\u00e7\u00f5es<\/strong><\/p>\n<ol>\n<li>Banco de sangue<\/li>\n<li>Banco de olhos<\/li>\n<li>Banco de tecidos<\/li>\n<li>Banco de s\u00eamen<\/li>\n<li>Banco de leite<\/li>\n<\/ol>\n<\/td>\n<\/tr>\n<tr>\n<td width=\"605\"><strong>26. Cl\u00ednica geral<\/strong><\/td>\n<\/tr>\n<tr>\n<td width=\"605\"><strong>27. Unidade de Aten\u00e7\u00e3o \u00e0 Sa\u00fade Ind\u00edgena<\/strong><\/td>\n<\/tr>\n<tr>\n<td width=\"605\"><strong>28. Telessa\u00fade<\/strong><\/td>\n<\/tr>\n<tr>\n<td width=\"605\"><strong>29.<\/strong><strong> Servi\u00e7o de diagn\u00f3stico por imagem<\/strong><\/td>\n<\/tr>\n<tr>\n<td width=\"605\"><strong>30. Laborat\u00f3rios em geral<\/strong><\/td>\n<\/tr>\n<tr>\n<td width=\"605\"><strong>31. Laborat\u00f3rios especializados<\/strong><\/td>\n<\/tr>\n<tr>\n<td width=\"605\"><strong>33. Central de transplantes<\/strong><\/td>\n<\/tr>\n<tr>\n<td width=\"605\"><strong>34. Casa\/Cl\u00ednica de repouso<\/strong><\/td>\n<\/tr>\n<tr>\n<td width=\"605\"><strong>35. Centro de estudos e pesquisas (escolas, faculdades etc.)<\/strong><\/td>\n<\/tr>\n<tr>\n<td width=\"605\"><strong>36. Presta\u00e7\u00e3o de servi\u00e7os m\u00e9dicos terceirizados<\/strong><\/p>\n<p>Presta\u00e7\u00e3o de servi\u00e7os m\u00e9dicos em locais de terceiros, por meio de contratos\/conv\u00eanios.<\/td>\n<\/tr>\n<tr>\n<td width=\"605\"><strong>37. Cl\u00ednica de vacina\u00e7\u00e3o<\/strong><\/td>\n<\/tr>\n<tr>\n<td width=\"605\"><strong>38. Assessoria e consultoria de servi\u00e7os m\u00e9dicos<\/strong><\/td>\n<\/tr>\n<tr>\n<td width=\"605\"><strong>39. Operadoras de planos de sa\u00fade<\/strong><\/td>\n<\/tr>\n<tr>\n<td width=\"605\"><strong>40.<\/strong><strong> Ambulat\u00f3rio de assist\u00eancia m\u00e9dica patronal<\/strong><\/td>\n<\/tr>\n<tr>\n<td width=\"605\"><strong>41.<\/strong><strong> Somatoconserva\u00e7\u00e3o de Cad\u00e1veres<\/strong><\/td>\n<\/tr>\n<tr>\n<td width=\"605\"><strong>42.<\/strong><strong> Administradora de Beneficio <\/strong><\/td>\n<\/tr>\n<tr>\n<td width=\"605\"><strong>43. Aplicativos de Consultas m\u00e9dicas em domicilio.<\/strong><\/td>\n<\/tr>\n<tr>\n<td width=\"605\"><strong>99. Outros<\/strong><\/td>\n<\/tr>\n<\/tbody>\n<\/table>\n","protected":false},"excerpt":{"rendered":"<p>A classifica\u00e7\u00e3o dos estabelecimentos pode definir requisitos e procedimentos que devem ser adotados no registro dos estabelecimentos de sa\u00fade. &nbsp; [&hellip;]<\/p>\n","protected":false},"author":2,"featured_media":0,"parent":0,"menu_order":0,"comment_status":"closed","ping_status":"closed","template":"","meta":{"_expiration-date-status":"saved","_expiration-date":0,"_expiration-date-type":"","_expiration-date-categories":[],"_expiration-date-options":[]},"acf":[],"_links":{"self":[{"href":"https:\/\/www.cremeb.org.br\/index.php\/wp-json\/wp\/v2\/pages\/21416"}],"collection":[{"href":"https:\/\/www.cremeb.org.br\/index.php\/wp-json\/wp\/v2\/pages"}],"about":[{"href":"https:\/\/www.cremeb.org.br\/index.php\/wp-json\/wp\/v2\/types\/page"}],"author":[{"embeddable":true,"href":"https:\/\/www.cremeb.org.br\/index.php\/wp-json\/wp\/v2\/users\/2"}],"replies":[{"embeddable":true,"href":"https:\/\/www.cremeb.org.br\/index.php\/wp-json\/wp\/v2\/comments?post=21416"}],"version-history":[{"count":2,"href":"https:\/\/www.cremeb.org.br\/index.php\/wp-json\/wp\/v2\/pages\/21416\/revisions"}],"predecessor-version":[{"id":21418,"href":"https:\/\/www.cremeb.org.br\/index.php\/wp-json\/wp\/v2\/pages\/21416\/revisions\/21418"}],"wp:attachment":[{"href":"https:\/\/www.cremeb.org.br\/index.php\/wp-json\/wp\/v2\/media?parent=21416"}],"curies":[{"name":"wp","href":"https:\/\/api.w.org\/{rel}","templated":true}]}}