{"id":2,"date":"2015-09-22T20:51:05","date_gmt":"2015-09-22T20:51:05","guid":{"rendered":"http:\/\/www2.cremeb.org.br\/wordpress\/?page_id=2"},"modified":"2026-03-11T11:55:09","modified_gmt":"2026-03-11T14:55:09","slug":"cremeb","status":"publish","type":"page","link":"https:\/\/www.cremeb.org.br\/index.php\/institucional\/cremeb\/","title":{"rendered":"Cremeb"},"content":{"rendered":"<p>O Conselho Regional de Medicina do Estado da Bahia (CREMEB) \u00e9 o \u00f3rg\u00e3o supervisor da \u00e9tica profissional no estado, cabendo-lhe zelar e trabalhar pelo perfeito desempenho \u00e9tico e moral da Medicina e o prest\u00edgio dos que a exer\u00e7am legalmente. Ao CREMEB cabe disciplinar e julgar os m\u00e9dicos a ele jurisdicionados, exigindo o fiel cumprimento do C\u00f3digo de \u00c9tica M\u00e9dica (CEM), das normas referentes ao exerc\u00edcio profissional e \u00e0 legisla\u00e7\u00e3o sanit\u00e1ria.<\/p>\n<p>Os Conselhos de Medicina foram institu\u00eddos pelo Decreto-Lei n\u00ba 7.955, de 13 de setembro de 1945. Em 30 de setembro de 1957 o ent\u00e3o presidente Juscelino Kubitschek sancionou a Lei n\u00ba 3.268, criando o Conselho Federal e os Conselhos Regionais de Medicina que formam em seu conjunto uma autarquia, com personalidade jur\u00eddica de direito p\u00fablico, dispondo de autonomia administrativa e financeira. A lei 3.268\/1957 veio a ser regulamentada pelo Decreto n\u00ba 44.045, de 19 de julho de 1958.<\/p>\n<p>Formado por 42 conselheiros, eleitos pelos m\u00e9dicos inscritos na Bahia para um mandato de cinco anos, sendo oito deles dirigentes, o CREMEB mant\u00e9m hoje, em plena atividade, 34 C\u00e2maras T\u00e9cnicas de diversas especialidades e nove Comiss\u00f5es de Trabalho e Representa\u00e7\u00f5es. A sede da entidade est\u00e1 localizada na Rua Dr. Jos\u00e9 Peroba, n\u00ba 251, Stiep, Salvador\/Bahia. Al\u00e9m disso, a autarquia federal conta com 10 delegacias regionais espalhadas por todo o estado.<\/p>\n","protected":false},"excerpt":{"rendered":"<p>O Conselho Regional de Medicina do Estado da Bahia (CREMEB) \u00e9 o \u00f3rg\u00e3o supervisor da \u00e9tica profissional no estado, cabendo-lhe [&hellip;]<\/p>\n","protected":false},"author":2,"featured_media":46768,"parent":12,"menu_order":1,"comment_status":"closed","ping_status":"closed","template":"","meta":{"_expiration-date-status":"","_expiration-date":0,"_expiration-date-type":"","_expiration-date-categories":[],"_expiration-date-options":[]},"acf":[],"_links":{"self":[{"href":"https:\/\/www.cremeb.org.br\/index.php\/wp-json\/wp\/v2\/pages\/2"}],"collection":[{"href":"https:\/\/www.cremeb.org.br\/index.php\/wp-json\/wp\/v2\/pages"}],"about":[{"href":"https:\/\/www.cremeb.org.br\/index.php\/wp-json\/wp\/v2\/types\/page"}],"author":[{"embeddable":true,"href":"https:\/\/www.cremeb.org.br\/index.php\/wp-json\/wp\/v2\/users\/2"}],"replies":[{"embeddable":true,"href":"https:\/\/www.cremeb.org.br\/index.php\/wp-json\/wp\/v2\/comments?post=2"}],"version-history":[{"count":16,"href":"https:\/\/www.cremeb.org.br\/index.php\/wp-json\/wp\/v2\/pages\/2\/revisions"}],"predecessor-version":[{"id":46841,"href":"https:\/\/www.cremeb.org.br\/index.php\/wp-json\/wp\/v2\/pages\/2\/revisions\/46841"}],"up":[{"embeddable":true,"href":"https:\/\/www.cremeb.org.br\/index.php\/wp-json\/wp\/v2\/pages\/12"}],"wp:featuredmedia":[{"embeddable":true,"href":"https:\/\/www.cremeb.org.br\/index.php\/wp-json\/wp\/v2\/media\/46768"}],"wp:attachment":[{"href":"https:\/\/www.cremeb.org.br\/index.php\/wp-json\/wp\/v2\/media?parent=2"}],"curies":[{"name":"wp","href":"https:\/\/api.w.org\/{rel}","templated":true}]}}

<p>O Conselho Regional de Medicina do Estado da Bahia (CREMEB) é o órgão supervisor da ética profissional no estado, cabendo-lhe zelar e trabalhar pelo perfeito desempenho ético e moral da Medicina e o prestígio dos que a exerçam legalmente. Ao CREMEB cabe disciplinar e julgar os médicos a ele jurisdicionados, exigindo o fiel cumprimento do Código de Ética Médica (CEM), das normas referentes ao exercício profissional e à legislação sanitária.</p>
<p>Os Conselhos de Medicina foram instituídos pelo Decreto-Lei nº 7.955, de 13 de setembro de 1945. Em 30 de setembro de 1957 o então presidente Juscelino Kubitschek sancionou a Lei nº 3.268, criando o Conselho Federal e os Conselhos Regionais de Medicina que formam em seu conjunto uma autarquia, com personalidade jurídica de direito público, dispondo de autonomia administrativa e financeira. A lei 3.268/1957 veio a ser regulamentada pelo Decreto nº 44.045, de 19 de julho de 1958.</p>
<p>Formado por 42 conselheiros, eleitos pelos médicos inscritos na Bahia para um mandato de cinco anos, sendo oito deles dirigentes, o CREMEB mantém hoje, em plena atividade, 34 Câmaras Técnicas de diversas especialidades e nove Comissões de Trabalho e Representações. A sede da entidade está localizada na Rua Dr. José Peroba, nº 251, Stiep, Salvador/Bahia. Além disso, a autarquia federal conta com 10 delegacias regionais espalhadas por todo o estado.</p>

<p>O Conselho Regional de Medicina do Estado da Bahia (CREMEB) é o órgão supervisor da ética profissional no estado, cabendo-lhe [&hellip;]</p>
