{"id":15,"date":"2015-10-05T13:31:45","date_gmt":"2015-10-05T13:31:45","guid":{"rendered":"http:\/\/www2.cremeb.org.br\/wordpress\/?page_id=15"},"modified":"2026-04-29T15:07:37","modified_gmt":"2026-04-29T18:07:37","slug":"conselheiros","status":"publish","type":"page","link":"https:\/\/www.cremeb.org.br\/index.php\/institucional\/conselheiros\/","title":{"rendered":"Conselheiros"},"content":{"rendered":"<p>O Conselho Plen\u00e1rio do CREMEB conta com 42 conselheiros, sendo 40 eleitos por voto direto dos m\u00e9dicos regularmente inscritos no Conselho Regional e dois indicados pela Associa\u00e7\u00e3o Bahiana de Medicina (ABM), conforme disposto no artigo 13 da Lei 3.268\/1957.<\/p>\n<p>Os conselheiros atuam a servi\u00e7o da sociedade, para fiscalizar o exerc\u00edcio profissional dos m\u00e9dicos, e a servi\u00e7o da pr\u00f3pria classe m\u00e9dica, garantindo o exerc\u00edcio de sua fun\u00e7\u00e3o com \u00e9tica, defendendo assim sua honra e dignidade.<\/p>\n<p>S\u00e3o eles\u00a0os respons\u00e1veis por\u00a0apurar as den\u00fancias que chegam ao CREMEB, julgando as\u00a0poss\u00edveis infra\u00e7\u00f5es de natureza \u00e9tica.\u00a0Cabe tamb\u00e9m ao Conselho promover a suspens\u00e3o do registro de m\u00e9dico quando verificar a presen\u00e7a de doen\u00e7a incapacitante para o exerc\u00edcio da medicina, ap\u00f3s o devido procedimento administrativo com per\u00edcia m\u00e9dica.<\/p>\n<p><strong>Conhe\u00e7a quem j\u00e1 fez parte desta hist\u00f3ria:<\/strong><\/p>\n<p><a href=\"https:\/\/www.cremeb.org.br\/wp-content\/uploads\/2015\/10\/lsp_a3c9d69b9dd488a1b27780a568e126cb_190718-095540.pdf\" target=\"_blank\" rel=\"noopener noreferrer\">1\u00ba Gest\u00e3o Provis\u00f3ria\u00a0(<span class=\"fontstyle0\">1957 a 1958<\/span>)<br \/>\n<\/a><a href=\"https:\/\/www.cremeb.org.br\/wp-content\/uploads\/2024\/02\/lsp_4741b762cab7cccbd63ac83c7de24a4b_170624-053521.pdf\" target=\"_blank\" rel=\"noopener\">1\u00ba Gest\u00e3o (<span class=\"fontstyle0\">1958 a 1963)<\/span><\/a><a href=\"https:\/\/www.cremeb.org.br\/wp-content\/uploads\/2015\/10\/lsp_f09ff07bcb86299918f1a41bcf05cce2_190718-095645.pdf\" target=\"_blank\" rel=\"noopener noreferrer\"><span class=\"fontstyle0\"><br \/>\n<\/span><\/a><a href=\"https:\/\/www.cremeb.org.br\/wp-content\/uploads\/2015\/10\/lsp_02f2478e82ca715d39481d138df993b1_190718-095712.pdf\" target=\"_blank\" rel=\"noopener noreferrer\">2\u00aa Gest\u00e3o (1963 a 1968)<br \/>\n<\/a><a href=\"https:\/\/www.cremeb.org.br\/wp-content\/uploads\/2015\/10\/lsp_699058f58182959753270f57405de891_190718-094527.pdf\" target=\"_blank\" rel=\"noopener noreferrer\">3\u00aa Gest\u00e3o (1968 -1973)<br \/>\n<\/a><a href=\"https:\/\/www.cremeb.org.br\/wp-content\/uploads\/2015\/10\/lsp_383baab08952caf1e62471f5ae026f2c_190718-095812.pdf\" target=\"_blank\" rel=\"noopener noreferrer\">4\u00aa Gest\u00e3o (1973 a 1978)<br \/>\n<\/a><a href=\"https:\/\/www.cremeb.org.br\/wp-content\/uploads\/2015\/10\/lsp_85e8082752e5d129c35a64d4045c6afe_190718-095900.pdf\" target=\"_blank\" rel=\"noopener noreferrer\">5\u00aa Gest\u00e3o\u00a0(1978 a 1983)<br \/>\n<\/a><a href=\"https:\/\/www.cremeb.org.br\/wp-content\/uploads\/2015\/10\/lsp_8b1e86adb57b39e5bea37c11272aac5e_190718-100121.pdf\" target=\"_blank\" rel=\"noopener noreferrer\">6\u00aa Gest\u00e3o\u00a0 <span class=\"fontstyle0\">(1983 a 1988)<br \/>\n<\/span><\/a><a href=\"https:\/\/www.cremeb.org.br\/wp-content\/uploads\/2015\/10\/lsp_293765e652f35209b0b4500151ba495a_190718-094959.pdf\" target=\"_blank\" rel=\"noopener noreferrer\">7\u00aa Gest\u00e3o\u00a0(1988 a 1993)<br \/>\n<\/a><a href=\"https:\/\/www.cremeb.org.br\/wp-content\/uploads\/2015\/10\/lsp_a3aa7c94bea086d22d13ec214676d9c0_190718-095044.pdf\" target=\"_blank\" rel=\"noopener noreferrer\">8\u00aa Gest\u00e3o\u00a0 <span class=\"fontstyle0\">(1993 a 1998)<br \/>\n<\/span><\/a><a href=\"https:\/\/www.cremeb.org.br\/wp-content\/uploads\/2015\/10\/lsp_4fa9c57ba51fdd5dabdb9c3a9e6e67e6_190718-095138.pdf\" target=\"_blank\" rel=\"noopener noreferrer\">9\u00aa Gest\u00e3o\u00a0(1998 a 2003)<br \/>\n<\/a><a href=\"https:\/\/www.cremeb.org.br\/wp-content\/uploads\/2015\/10\/lsp_e3cf68e17c3925190573d1980ffc3e22_190718-095227.pdf\" target=\"_blank\" rel=\"noopener noreferrer\">10\u00aa Gest\u00e3o\u00a0(2003 a 2008)<br \/>\n<\/a><a href=\"https:\/\/www.cremeb.org.br\/wp-content\/uploads\/2015\/10\/lsp_26127b9493f1c7143c24223e83887dd9_190718-095331.pdf\" target=\"_blank\" rel=\"noopener noreferrer\">11\u00aa Gest\u00e3o\u00a0(2008 a 2013)<br \/>\n<\/a><a href=\"https:\/\/www.cremeb.org.br\/wp-content\/uploads\/2015\/10\/lsp_90cae9172cdaffd68de3b295774d0e28_021018-030547.pdf\" target=\"_blank\" rel=\"noopener noreferrer\">12\u00aa Gest\u00e3o (2013 a 2018)<\/a><br \/>\n<a href=\"https:\/\/www.cremeb.org.br\/wp-content\/uploads\/2026\/04\/lsp_d7d35f8ee8516b55e566242d3bc890e8_290426-103314.pdf\" target=\"_blank\" rel=\"noopener\">13\u00aa Gest\u00e3o (2018 a 2023)<\/a><\/p>\n<p>&nbsp;<\/p>\n<p style=\"text-align: center;\"><strong>14\u00aa Gest\u00e3o (2023 a 2028)<\/strong><\/p>\n<p>&nbsp;<\/p>\n<p style=\"text-align: left;\">\n","protected":false},"excerpt":{"rendered":"<p>O Conselho Plen\u00e1rio do CREMEB conta com 42 conselheiros, sendo 40 eleitos por voto direto dos m\u00e9dicos regularmente inscritos no [&hellip;]<\/p>\n","protected":false},"author":2,"featured_media":0,"parent":12,"menu_order":3,"comment_status":"closed","ping_status":"closed","template":"conselheiros.php","meta":{"_expiration-date-status":"","_expiration-date":0,"_expiration-date-type":"","_expiration-date-categories":[],"_expiration-date-options":[]},"acf":[],"_links":{"self":[{"href":"https:\/\/www.cremeb.org.br\/index.php\/wp-json\/wp\/v2\/pages\/15"}],"collection":[{"href":"https:\/\/www.cremeb.org.br\/index.php\/wp-json\/wp\/v2\/pages"}],"about":[{"href":"https:\/\/www.cremeb.org.br\/index.php\/wp-json\/wp\/v2\/types\/page"}],"author":[{"embeddable":true,"href":"https:\/\/www.cremeb.org.br\/index.php\/wp-json\/wp\/v2\/users\/2"}],"replies":[{"embeddable":true,"href":"https:\/\/www.cremeb.org.br\/index.php\/wp-json\/wp\/v2\/comments?post=15"}],"version-history":[{"count":49,"href":"https:\/\/www.cremeb.org.br\/index.php\/wp-json\/wp\/v2\/pages\/15\/revisions"}],"predecessor-version":[{"id":47251,"href":"https:\/\/www.cremeb.org.br\/index.php\/wp-json\/wp\/v2\/pages\/15\/revisions\/47251"}],"up":[{"embeddable":true,"href":"https:\/\/www.cremeb.org.br\/index.php\/wp-json\/wp\/v2\/pages\/12"}],"wp:attachment":[{"href":"https:\/\/www.cremeb.org.br\/index.php\/wp-json\/wp\/v2\/media?parent=15"}],"curies":[{"name":"wp","href":"https:\/\/api.w.org\/{rel}","templated":true}]}}